{"id":520,"date":"2020-12-30T18:13:39","date_gmt":"2020-12-30T17:13:39","guid":{"rendered":"http:\/\/www.institut-ancrage.fr\/?page_id=520"},"modified":"2022-05-31T10:33:14","modified_gmt":"2022-05-31T08:33:14","slug":"modalites","status":"publish","type":"page","link":"http:\/\/www.institut-ancrage.fr\/index.php\/modalites\/","title":{"rendered":"Modalit\u00e9s"},"content":{"rendered":"\t\t<div data-elementor-type=\"wp-page\" data-elementor-id=\"520\" class=\"elementor elementor-520\">\n\t\t\t\t\t\t<div class=\"elementor-inner\">\n\t\t\t\t<div class=\"elementor-section-wrap\">\n\t\t\t\t\t\t\t\t\t<section class=\"elementor-section elementor-top-section elementor-element elementor-element-83d734b elementor-section-boxed elementor-section-height-default elementor-section-height-default\" data-id=\"83d734b\" data-element_type=\"section\">\n\t\t\t\t\t\t<div class=\"elementor-container elementor-column-gap-default\">\n\t\t\t\t\t\t\t<div class=\"elementor-row\">\n\t\t\t\t\t<div class=\"elementor-column elementor-col-100 elementor-top-column elementor-element elementor-element-2158143\" data-id=\"2158143\" data-element_type=\"column\">\n\t\t\t<div class=\"elementor-column-wrap elementor-element-populated\">\n\t\t\t\t\t\t\t<div class=\"elementor-widget-wrap\">\n\t\t\t\t\t\t<div class=\"elementor-element elementor-element-fad6c39 elementor-widget elementor-widget-heading\" data-id=\"fad6c39\" data-element_type=\"widget\" data-widget_type=\"heading.default\">\n\t\t\t\t<div class=\"elementor-widget-container\">\n\t\t\t<h2 class=\"elementor-heading-title elementor-size-default\">Modalit\u00e9s<\/h2>\t\t<\/div>\n\t\t\t\t<\/div>\n\t\t\t\t\t\t<\/div>\n\t\t\t\t\t<\/div>\n\t\t<\/div>\n\t\t\t\t\t\t\t\t<\/div>\n\t\t\t\t\t<\/div>\n\t\t<\/section>\n\t\t\t\t<section class=\"elementor-section elementor-top-section elementor-element elementor-element-b76f1bd elementor-section-boxed elementor-section-height-default elementor-section-height-default\" data-id=\"b76f1bd\" data-element_type=\"section\">\n\t\t\t\t\t\t<div class=\"elementor-container elementor-column-gap-default\">\n\t\t\t\t\t\t\t<div class=\"elementor-row\">\n\t\t\t\t\t<div class=\"elementor-column elementor-col-100 elementor-top-column elementor-element elementor-element-d1912fa\" data-id=\"d1912fa\" data-element_type=\"column\">\n\t\t\t<div class=\"elementor-column-wrap elementor-element-populated\">\n\t\t\t\t\t\t\t<div class=\"elementor-widget-wrap\">\n\t\t\t\t\t\t<div class=\"elementor-element elementor-element-5607347 elementor-widget elementor-widget-text-editor\" data-id=\"5607347\" data-element_type=\"widget\" data-widget_type=\"text-editor.default\">\n\t\t\t\t<div class=\"elementor-widget-container\">\n\t\t\t\t\t\t\t\t<div class=\"elementor-text-editor elementor-clearfix\">\n\t\t\t\t<p>Nos coaching s&rsquo;adressent aux adultes et adolescents.\u00a0<\/p><p>La s\u00e9ance dure en moyenne 1h30 \u00e0 2h00. La premi\u00e8re s\u00e9ance est une s\u00e9ance de diagnostic. Le nombre de s\u00e9ance est estim\u00e9 au d\u00e9but du coaching (en moyenne 5 \u00e0 10 s\u00e9ances) mais peut varier en fonction du besoin et de l&rsquo;avanc\u00e9e du travail. Le rythme des s\u00e9ances est en g\u00e9n\u00e9ral d&rsquo;une fois toutes les 3 semaines pour permettre d&rsquo;effectuer les exercices demand\u00e9s entre chaque s\u00e9ance correctement. Toutefois, selon la disponibilit\u00e9 et la th\u00e9matique, ce rythme peut \u00eatre ramen\u00e9 \u00e0 2 semaines.<\/p><p>Les entretiens peuvent se r\u00e9aliser dans nos locaux ou bien via Skype.<\/p><p>N&rsquo;h\u00e9sitez pas \u00e0 nous consulter pour nous demander nos tarifs. <\/p>\t\t\t\t\t<\/div>\n\t\t\t\t\t\t<\/div>\n\t\t\t\t<\/div>\n\t\t\t\t\t\t<\/div>\n\t\t\t\t\t<\/div>\n\t\t<\/div>\n\t\t\t\t\t\t\t\t<\/div>\n\t\t\t\t\t<\/div>\n\t\t<\/section>\n\t\t\t\t<section class=\"elementor-section elementor-top-section elementor-element elementor-element-01d8deb elementor-section-boxed elementor-section-height-default elementor-section-height-default\" data-id=\"01d8deb\" data-element_type=\"section\">\n\t\t\t\t\t\t<div class=\"elementor-container elementor-column-gap-default\">\n\t\t\t\t\t\t\t<div class=\"elementor-row\">\n\t\t\t\t\t<div class=\"elementor-column elementor-col-33 elementor-top-column elementor-element elementor-element-70c4d21\" data-id=\"70c4d21\" data-element_type=\"column\">\n\t\t\t<div class=\"elementor-column-wrap elementor-element-populated\">\n\t\t\t\t\t\t\t<div class=\"elementor-widget-wrap\">\n\t\t\t\t\t\t<div class=\"elementor-element elementor-element-75211be elementor-widget elementor-widget-text-editor\" data-id=\"75211be\" data-element_type=\"widget\" data-widget_type=\"text-editor.default\">\n\t\t\t\t<div class=\"elementor-widget-container\">\n\t\t\t\t\t\t\t\t<div class=\"elementor-text-editor elementor-clearfix\">\n\t\t\t\t<p>CHANGEMENT<\/p>\n<p>&#8211; S\u00e9paration, d\u00e9passer un deuil, \u00e9puisement parental,&nbsp;<\/p>\n<p>&#8211; Burn out, perte d&#8217;emploi, harc\u00e8lement<\/p>\n<p>&#8211; mutation, reconversion, d\u00e9part \u00e0 la&nbsp; &nbsp; &nbsp; retraite<\/p>\n<p><\/p>\t\t\t\t\t<\/div>\n\t\t\t\t\t\t<\/div>\n\t\t\t\t<\/div>\n\t\t\t\t\t\t<\/div>\n\t\t\t\t\t<\/div>\n\t\t<\/div>\n\t\t\t\t<div class=\"elementor-column elementor-col-33 elementor-top-column elementor-element elementor-element-cf1c8ea\" data-id=\"cf1c8ea\" data-element_type=\"column\">\n\t\t\t<div class=\"elementor-column-wrap elementor-element-populated\">\n\t\t\t\t\t\t\t<div class=\"elementor-widget-wrap\">\n\t\t\t\t\t\t<div class=\"elementor-element elementor-element-d34d97a elementor-widget elementor-widget-text-editor\" data-id=\"d34d97a\" data-element_type=\"widget\" data-widget_type=\"text-editor.default\">\n\t\t\t\t<div class=\"elementor-widget-container\">\n\t\t\t\t\t\t\t\t<div class=\"elementor-text-editor elementor-clearfix\">\n\t\t\t\t<p>DEVELOPPEMENT DE SOI<\/p><p>&#8211; estime de soi, confiance en soi, se conna\u00eetre et r\u00e9aliser son projet de vie<\/p><p>&#8211; changer un comportement g\u00eanant ou ind\u00e9sirable, vaincre une phobie\u00a0<\/p><p>&#8211; g\u00e9rer ses \u00e9motions, lever les freins \u00e0 l&rsquo;expression de son plein potentiel<\/p>\t\t\t\t\t<\/div>\n\t\t\t\t\t\t<\/div>\n\t\t\t\t<\/div>\n\t\t\t\t\t\t<\/div>\n\t\t\t\t\t<\/div>\n\t\t<\/div>\n\t\t\t\t<div class=\"elementor-column elementor-col-33 elementor-top-column elementor-element elementor-element-51b02dd\" data-id=\"51b02dd\" data-element_type=\"column\">\n\t\t\t<div class=\"elementor-column-wrap elementor-element-populated\">\n\t\t\t\t\t\t\t<div class=\"elementor-widget-wrap\">\n\t\t\t\t\t\t<div class=\"elementor-element elementor-element-a0c9d42 elementor-widget elementor-widget-text-editor\" data-id=\"a0c9d42\" data-element_type=\"widget\" data-widget_type=\"text-editor.default\">\n\t\t\t\t<div class=\"elementor-widget-container\">\n\t\t\t\t\t\t\t\t<div class=\"elementor-text-editor elementor-clearfix\">\n\t\t\t\t<p>PROFESSIONNEL<\/p><p>&#8211; Prise de parole en public et se pr\u00e9parer pour un oral<\/p><p>&#8211; Orientation scolaire et d\u00e9finition d&rsquo;un projet professionnel<\/p><p>&#8211; am\u00e9liorer sa communication, g\u00e9rer un conflit, s&rsquo;affirmer<\/p>\t\t\t\t\t<\/div>\n\t\t\t\t\t\t<\/div>\n\t\t\t\t<\/div>\n\t\t\t\t\t\t<\/div>\n\t\t\t\t\t<\/div>\n\t\t<\/div>\n\t\t\t\t\t\t\t\t<\/div>\n\t\t\t\t\t<\/div>\n\t\t<\/section>\n\t\t\t\t\t\t\t\t\t<\/div>\n\t\t\t<\/div>\n\t\t\t\t\t<\/div>\n\t\t","protected":false},"excerpt":{"rendered":"<p>Modalit\u00e9s Nos coaching s&rsquo;adressent aux adultes et adolescents.\u00a0 La s\u00e9ance dure en moyenne 1h30 \u00e0 2h00. La premi\u00e8re s\u00e9ance est une s\u00e9ance de diagnostic. Le nombre de s\u00e9ance est estim\u00e9 au d\u00e9but du coaching (en moyenne 5 \u00e0 10 s\u00e9ances) mais peut varier en fonction du besoin et de l&rsquo;avanc\u00e9e du travail. Le rythme des &hellip;<\/p>\n<p class=\"read-more\"> <a class=\"\" href=\"http:\/\/www.institut-ancrage.fr\/index.php\/modalites\/\"> <span class=\"screen-reader-text\">Modalit\u00e9s<\/span> Lire la suite\u00a0\u00bb<\/a><\/p>\n","protected":false},"author":1,"featured_media":0,"parent":0,"menu_order":0,"comment_status":"closed","ping_status":"closed","template":"","meta":{"site-sidebar-layout":"no-sidebar","site-content-layout":"page-builder","ast-global-header-display":"","ast-main-header-display":"","ast-hfb-above-header-display":"","ast-hfb-below-header-display":"","ast-hfb-mobile-header-display":"","site-post-title":"disabled","ast-breadcrumbs-content":"","ast-featured-img":"disabled","footer-sml-layout":"","theme-transparent-header-meta":"default","adv-header-id-meta":"","stick-header-meta":"","header-above-stick-meta":"","header-main-stick-meta":"","header-below-stick-meta":""},"yoast_head":"<!-- This site is optimized with the Yoast SEO plugin v17.4 - https:\/\/yoast.com\/wordpress\/plugins\/seo\/ -->\n<title>Modalit\u00e9s - Institut Ancrage<\/title>\n<meta name=\"robots\" content=\"index, follow, max-snippet:-1, max-image-preview:large, max-video-preview:-1\" \/>\n<link rel=\"canonical\" href=\"http:\/\/www.institut-ancrage.fr\/index.php\/modalites\/\" \/>\n<meta property=\"og:locale\" content=\"fr_FR\" \/>\n<meta property=\"og:type\" content=\"article\" \/>\n<meta property=\"og:title\" content=\"Modalit\u00e9s - Institut Ancrage\" \/>\n<meta property=\"og:description\" content=\"Modalit\u00e9s Nos coaching s&rsquo;adressent aux adultes et adolescents.\u00a0 La s\u00e9ance dure en moyenne 1h30 \u00e0 2h00. La premi\u00e8re s\u00e9ance est une s\u00e9ance de diagnostic. Le nombre de s\u00e9ance est estim\u00e9 au d\u00e9but du coaching (en moyenne 5 \u00e0 10 s\u00e9ances) mais peut varier en fonction du besoin et de l&rsquo;avanc\u00e9e du travail. Le rythme des &hellip; Modalit\u00e9s Lire la suite\u00a0\u00bb\" \/>\n<meta property=\"og:url\" content=\"http:\/\/www.institut-ancrage.fr\/index.php\/modalites\/\" \/>\n<meta property=\"og:site_name\" content=\"Institut Ancrage\" \/>\n<meta property=\"article:modified_time\" content=\"2022-05-31T08:33:14+00:00\" \/>\n<meta name=\"twitter:card\" content=\"summary_large_image\" \/>\n<meta name=\"twitter:label1\" content=\"Dur\u00e9e de lecture est.\" \/>\n\t<meta name=\"twitter:data1\" content=\"1 minute\" \/>\n<script type=\"application\/ld+json\" class=\"yoast-schema-graph\">{\"@context\":\"https:\/\/schema.org\",\"@graph\":[{\"@type\":\"Organization\",\"@id\":\"https:\/\/www.institut-ancrage.fr\/#organization\",\"name\":\"Insitut Ancrage\",\"url\":\"https:\/\/www.institut-ancrage.fr\/\",\"sameAs\":[],\"logo\":{\"@type\":\"ImageObject\",\"@id\":\"https:\/\/www.institut-ancrage.fr\/#logo\",\"inLanguage\":\"fr-FR\",\"url\":\"https:\/\/www.institut-ancrage.fr\/wp-content\/uploads\/2020\/11\/cropped-400JpgdpiLogo-scaled-1.jpg\",\"contentUrl\":\"https:\/\/www.institut-ancrage.fr\/wp-content\/uploads\/2020\/11\/cropped-400JpgdpiLogo-scaled-1.jpg\",\"width\":2560,\"height\":1546,\"caption\":\"Insitut Ancrage\"},\"image\":{\"@id\":\"https:\/\/www.institut-ancrage.fr\/#logo\"}},{\"@type\":\"WebSite\",\"@id\":\"https:\/\/www.institut-ancrage.fr\/#website\",\"url\":\"https:\/\/www.institut-ancrage.fr\/\",\"name\":\"Institut Ancrage\",\"description\":\"Conseil et formation\",\"publisher\":{\"@id\":\"https:\/\/www.institut-ancrage.fr\/#organization\"},\"potentialAction\":[{\"@type\":\"SearchAction\",\"target\":{\"@type\":\"EntryPoint\",\"urlTemplate\":\"https:\/\/www.institut-ancrage.fr\/?s={search_term_string}\"},\"query-input\":\"required name=search_term_string\"}],\"inLanguage\":\"fr-FR\"},{\"@type\":\"WebPage\",\"@id\":\"http:\/\/www.institut-ancrage.fr\/index.php\/modalites\/#webpage\",\"url\":\"http:\/\/www.institut-ancrage.fr\/index.php\/modalites\/\",\"name\":\"Modalit\\u00e9s - Institut Ancrage\",\"isPartOf\":{\"@id\":\"https:\/\/www.institut-ancrage.fr\/#website\"},\"datePublished\":\"2020-12-30T17:13:39+00:00\",\"dateModified\":\"2022-05-31T08:33:14+00:00\",\"breadcrumb\":{\"@id\":\"http:\/\/www.institut-ancrage.fr\/index.php\/modalites\/#breadcrumb\"},\"inLanguage\":\"fr-FR\",\"potentialAction\":[{\"@type\":\"ReadAction\",\"target\":[\"http:\/\/www.institut-ancrage.fr\/index.php\/modalites\/\"]}]},{\"@type\":\"BreadcrumbList\",\"@id\":\"http:\/\/www.institut-ancrage.fr\/index.php\/modalites\/#breadcrumb\",\"itemListElement\":[{\"@type\":\"ListItem\",\"position\":1,\"name\":\"Accueil\",\"item\":\"http:\/\/www.institut-ancrage.fr\/\"},{\"@type\":\"ListItem\",\"position\":2,\"name\":\"Modalit\\u00e9s\"}]}]}<\/script>\n<!-- \/ Yoast SEO plugin. -->","yoast_head_json":{"title":"Modalit\u00e9s - Institut Ancrage","robots":{"index":"index","follow":"follow","max-snippet":"max-snippet:-1","max-image-preview":"max-image-preview:large","max-video-preview":"max-video-preview:-1"},"canonical":"http:\/\/www.institut-ancrage.fr\/index.php\/modalites\/","og_locale":"fr_FR","og_type":"article","og_title":"Modalit\u00e9s - Institut Ancrage","og_description":"Modalit\u00e9s Nos coaching s&rsquo;adressent aux adultes et adolescents.\u00a0 La s\u00e9ance dure en moyenne 1h30 \u00e0 2h00. La premi\u00e8re s\u00e9ance est une s\u00e9ance de diagnostic. Le nombre de s\u00e9ance est estim\u00e9 au d\u00e9but du coaching (en moyenne 5 \u00e0 10 s\u00e9ances) mais peut varier en fonction du besoin et de l&rsquo;avanc\u00e9e du travail. Le rythme des &hellip; Modalit\u00e9s Lire la suite\u00a0\u00bb","og_url":"http:\/\/www.institut-ancrage.fr\/index.php\/modalites\/","og_site_name":"Institut Ancrage","article_modified_time":"2022-05-31T08:33:14+00:00","twitter_card":"summary_large_image","twitter_misc":{"Dur\u00e9e de lecture est.":"1 minute"},"schema":{"@context":"https:\/\/schema.org","@graph":[{"@type":"Organization","@id":"https:\/\/www.institut-ancrage.fr\/#organization","name":"Insitut Ancrage","url":"https:\/\/www.institut-ancrage.fr\/","sameAs":[],"logo":{"@type":"ImageObject","@id":"https:\/\/www.institut-ancrage.fr\/#logo","inLanguage":"fr-FR","url":"https:\/\/www.institut-ancrage.fr\/wp-content\/uploads\/2020\/11\/cropped-400JpgdpiLogo-scaled-1.jpg","contentUrl":"https:\/\/www.institut-ancrage.fr\/wp-content\/uploads\/2020\/11\/cropped-400JpgdpiLogo-scaled-1.jpg","width":2560,"height":1546,"caption":"Insitut Ancrage"},"image":{"@id":"https:\/\/www.institut-ancrage.fr\/#logo"}},{"@type":"WebSite","@id":"https:\/\/www.institut-ancrage.fr\/#website","url":"https:\/\/www.institut-ancrage.fr\/","name":"Institut Ancrage","description":"Conseil et formation","publisher":{"@id":"https:\/\/www.institut-ancrage.fr\/#organization"},"potentialAction":[{"@type":"SearchAction","target":{"@type":"EntryPoint","urlTemplate":"https:\/\/www.institut-ancrage.fr\/?s={search_term_string}"},"query-input":"required name=search_term_string"}],"inLanguage":"fr-FR"},{"@type":"WebPage","@id":"http:\/\/www.institut-ancrage.fr\/index.php\/modalites\/#webpage","url":"http:\/\/www.institut-ancrage.fr\/index.php\/modalites\/","name":"Modalit\u00e9s - Institut Ancrage","isPartOf":{"@id":"https:\/\/www.institut-ancrage.fr\/#website"},"datePublished":"2020-12-30T17:13:39+00:00","dateModified":"2022-05-31T08:33:14+00:00","breadcrumb":{"@id":"http:\/\/www.institut-ancrage.fr\/index.php\/modalites\/#breadcrumb"},"inLanguage":"fr-FR","potentialAction":[{"@type":"ReadAction","target":["http:\/\/www.institut-ancrage.fr\/index.php\/modalites\/"]}]},{"@type":"BreadcrumbList","@id":"http:\/\/www.institut-ancrage.fr\/index.php\/modalites\/#breadcrumb","itemListElement":[{"@type":"ListItem","position":1,"name":"Accueil","item":"http:\/\/www.institut-ancrage.fr\/"},{"@type":"ListItem","position":2,"name":"Modalit\u00e9s"}]}]}},"_links":{"self":[{"href":"http:\/\/www.institut-ancrage.fr\/index.php\/wp-json\/wp\/v2\/pages\/520"}],"collection":[{"href":"http:\/\/www.institut-ancrage.fr\/index.php\/wp-json\/wp\/v2\/pages"}],"about":[{"href":"http:\/\/www.institut-ancrage.fr\/index.php\/wp-json\/wp\/v2\/types\/page"}],"author":[{"embeddable":true,"href":"http:\/\/www.institut-ancrage.fr\/index.php\/wp-json\/wp\/v2\/users\/1"}],"replies":[{"embeddable":true,"href":"http:\/\/www.institut-ancrage.fr\/index.php\/wp-json\/wp\/v2\/comments?post=520"}],"version-history":[{"count":63,"href":"http:\/\/www.institut-ancrage.fr\/index.php\/wp-json\/wp\/v2\/pages\/520\/revisions"}],"predecessor-version":[{"id":1067,"href":"http:\/\/www.institut-ancrage.fr\/index.php\/wp-json\/wp\/v2\/pages\/520\/revisions\/1067"}],"wp:attachment":[{"href":"http:\/\/www.institut-ancrage.fr\/index.php\/wp-json\/wp\/v2\/media?parent=520"}],"curies":[{"name":"wp","href":"https:\/\/api.w.org\/{rel}","templated":true}]}}